32?
8
Let v be 3 + -5 - -4*4. Let m = v - 9. Suppose -m*l = q - 47, -4*l - 40 = -q - 2*l. Calculate the highest common factor of 21 and q.
21
Suppose 6*v - 66 - 24 = 0. Let s(o) = -2*o - 3. Let r = 3 + -7. Let x be s(r). What is the highest common divisor of v and x?
5
Suppose 157 = 2*k - 5*s, k + 0*s = -2*s + 83. Let q = 163 - 154. What is the greatest common factor of k and q?
9
Let j(l) = l**3 - 11*l**2 + 8*l + 78. Let v be j(10). Calculate the highest common factor of 232 and v.
58
Suppose 6*x - 26*x + 260 = 0. What is the greatest common factor of 247 and x?
13
Let g = 76 + -16. Suppose -4*w - 4*o + 56 = 0, -g - 2 = -5*w - 3*o. What is the highest common divisor of 110 and w?
10
Let m = 645 - 416. Let h = -61 + m. What is the greatest common factor of h and 42?
42
Let n(j) = -5*j. Suppose q - 13 = -3*m, -4*m + 24 = 4*q + 4. Let o be n(q). Let x be (-6)/(-15) - 178/o. What is the greatest common factor of 24 and x?
12
Let d(s) = -10*s - 10. Let v be d(-8). Let b(g) = 22*g - v*g - 6 - 6*g - 26*g. Let u be b(-3). Calculate the highest common divisor of 26 and u.
26
Let g(b) = 13*b - 154. Let i be g(13). What is the greatest common factor of i and 85?
5
Suppose -161 = -5*n - m + 359, 5*m + 520 = 5*n. Suppose -39 - 52 = -7*k. Calculate the greatest common factor of k and n.
13
Let c(j) = -j**3 + 7*j**2 - 6*j. Let y be c(4). Suppose 2*l + 18 = y. Suppose l*d - 36 = -3*v, d + 3*d = -v. Calculate the greatest common divisor of v and 80.
16
Suppose 11 = 5*x - 14. What is the greatest common factor of 5 and x?
5
Let a = 6 - -30. Suppose 5*g = 2*z + z - 7, -2*z - 2*g = -10. Suppose -4 = -4*b + z*n, -3*b + 0 + 15 = n. Calculate the highest common divisor of a and b.
4
Let m be (-310)/(-20) - 2/(-4). Suppose m*s - 10 = 11*s. Suppose 0 = s*h + 2*h - 100. Calculate the highest common factor of h and 5.
5
Let q = 27 - -173. Calculate the greatest common factor of 16 and q.
8
Let b = -367 - -394. What is the highest common divisor of b and 729?
27
Let p = 1103 - 662. Calculate the greatest common divisor of 49 and p.
49
Let y(n) = n**2 - 17*n - 14. Let p be y(18). What is the greatest common divisor of p and 100?
4
Suppose 5*l = -2*l - 70. Let s be 6/5*(675/l)/(-9). What is the greatest common factor of s and 1?
1
Suppose 3*k + 0*k = -3*n + 66, n - 16 = -4*k. Let q = 10 + -7. Suppose n = b - 4*o, -6 + q = 3*o. What is the highest common factor of 20 and b?
20
Let n be 6/(-4) - 9/(-6). Suppose 3*u - 3*i - 23 + 5 = 0, 3*u - i - 28 = n. Suppose 0 = 4*m - 3*m - u. What is the highest common factor of m and 99?
11
Let x(d) = 4*d. Let l be x(3). Suppose -2 = -y + l. Let k(m) = 15*m**2 - 3*m + 2. Let z be k(2). Calculate the highest common factor of y and z.
14
Let b be (-10)/(-30) + (-61)/3. Let x be (-1634)/(-8) + 5/b. What is the greatest common factor of 51 and x?
51
Let i(f) = 0*f**2 + 6*f**2 + 5*f**2 - 5*f**2 + f. Let p be i(-1). Let v = 7 + p. What is the greatest common divisor of v and 108?
12
Let v(a) = a**2 - 10*a + 11. Let l be v(8). Let c = 3 + l. Let q(x) = -x**2 - 2*x + 1. Let o be q(c). Calculate the greatest common divisor of o and 5.
1
Suppose 3*t = -2*t + 150. Let w be 735/t + (-2)/4. What is the highest common divisor of 3 and w?
3
Let u = 306 - 229. Suppose 3*o - 3*y - 60 = 0, 0 = 4*o + y - 59 - 31. Calculate the highest common divisor of u and o.
11
Let x(q) = 3*q - 11. Suppose n = 2*v + 7, -5*v - 6 = 3*n - 38. Let p be x(n). Calculate the greatest common divisor of p and 48.
16
Let v(y) = -10*y + 20. Suppose 17*o - 8 = 16*o. Let i be v(o). Let b = i - -99. Calculate the greatest common divisor of b and 26.
13
Let h(o) = -3*o - 7. Let r be h(-7). Let z(s) = 2*s**3 - 12*s**2 - 3*s + 9. Let t be z(7). Let c = t + r. Calculate the greatest common factor of c and 25.
25
Let w(q) = -8*q - 5. Let o be w(-1). Suppose -789 = s - 5*s + o*t, -598 = -3*s - 4*t. Calculate the greatest common divisor of s and 22.
22
Let z be 10 + 2 - 1 - (-12 - -11). Let a be 1734/z + 3/(-6). Suppose 80 = -10*k + 15*k. Calculate the highest common factor of a and k.
16
Let d = -595 - -687. What is the greatest common factor of d and 4?
4
Let s(n) be the third derivative of -n**6/120 - 7*n**5/60 - 13*n**4/24 - 7*n**3/6 + 20*n**2. Let u be s(-5). What is the greatest common divisor of 96 and u?
8
Let n(a) = 36*a - 4. Let s be n(1). What is the greatest common factor of 112 and s?
16
Suppose 0*w - w + y = -64, y = -5*w + 350. Let i = w + -32. Let r = 122 - i. What is the highest common factor of r and 34?
17
Suppose -6*g + g = 30. Let v be (9/g)/(4/(-192)). Calculate the highest common divisor of v and 9.
9
Suppose h - 1125 = 75. What is the greatest common factor of h and 24?
24
Let b(x) = -34*x + 1216. Let w be b(35). Suppose 2*n - 16 - 10 = 0. What is the highest common factor of w and n?
13
Let m = 170 + -32. What is the greatest common factor of 6 and m?
6
Suppose 0 = 38*a - 19096 - 12596. Calculate the highest common factor of 6 and a.
6
Let c = 19 - 6. Let i(m) = 58*m - 379. Let t be i(9). Calculate the greatest common factor of c and t.
13
Let k be (-322)/(-28) - 6/(-4). Suppose 0 = -k*u + 14*u - 15. Let m = 31 - u. Calculate the highest common divisor of m and 112.
16
Suppose 0 = -b + 3*f + 285, -b = -f - f - 286. What is the greatest common divisor of b and 9?
9
Let g = -882 + 1114. Calculate the highest common divisor of 16 and g.
8
Let s be 200/3*(-54)/(-24). Suppose 2*m + 2 + 18 = 4*d, 2*m + 2*d + 8 = 0. Let w be 2085/35 + m/(-14). What is the highest common factor of w and s?
30
Let y = 10 - 3. What is the highest common divisor of y and 5?
1
Let s = -23 + 23. Suppose b + s - 34 = 0. Let x = b + -30. Calculate the greatest common divisor of x and 2.
2
Let m = 484 + -192. Suppose -4*a = -3*w + 8 + m, 2*a = -w + 90. Calculate the highest common factor of w and 24.
24
Suppose -2*a + 2 = 2*t - 7*a, 0 = 2*t - 3*a - 6. Let p(o) = -o**3 + 7*o**2 - 3*o - 7. Let n be p(t). Calculate the highest common divisor of 22 and n.
11
Let f be 15/10*(-10 - -60). What is the highest common divisor of f and 725?
25
Suppose 3*u + 23 = -5*a, 0 = 2*u + 3*a + 2*a + 22. Let j be 12/(-2)*(0 + u). Suppose j*f - 240 = 2*f. What is the highest common factor of 20 and f?
20
Let y(l) = 18*l - 3. Let v be y(1). Let a be 2 - (-10)/(-6) - 3590/(-30). Calculate the greatest common factor of v and a.
15
Suppose -f + 4*b = -36, -3*b + 158 = 4*f - 5*b. Suppose 170 = 3*j + s, -3*s + f = 2*j - 78. What is the highest common divisor of 16 and j?
8
Let o = 76 - 74. Let i be (10 + -9)/(o/6). Let n be ((-2)/4)/(1/(-18)). Calculate the greatest common factor of i and n.
3
Suppose 0 = 2*g - g - 50. Suppose 5*y + 3*v = -2*v + 25, 3*y + 1 = 5*v. Suppose 2*k = y + 37. What is the greatest common factor of k and g?
10
Let k(i) = 0*i + 6*i**2 + i + 9 + i - i**3 + 0*i**2. Let s be k(5). Suppose 44 = -0*r + 4*r. Calculate the highest common factor of r and s.
11
Let j(u) = 2*u + 28. Let v be j(-13). Let r = 6 + v. Calculate the greatest common factor of r and 80.
8
Let r be ((-9)/(-2) - 4)*(0 - -62). Let g be (13 - 20)/((-1)/31 - 0). What is the highest common divisor of r and g?
31
Let h be (10/20)/((-2)/(-16)). Let u be (-6)/h + 3/6. Let r be 541/6 - u/(-6). What is the greatest common divisor of r and 10?
10
Suppose -2 = -n - 0. Let m(w) = 4*w + 2. Let s be m(n). Let p = -7366 - -7396. Calculate the highest common divisor of s and p.
10
Let o(j) = -3 + 3*j + 8 + j**2 + 0*j**2. Let s = -64 - -59. Let z be o(s). What is the highest common divisor of z and 3?
3
Let z be 1*((0 - 1) + 1 + 0). Let j = z + 21. Calculate the greatest common divisor of 7 and j.
7
Suppose -8*a + b = -3*a + 763, 5*b = 4*a + 602. Let s = a + 229. Calculate the greatest common divisor of 114 and s.
38
Let c = 34 - 11. What is the highest common divisor of 184 and c?
23
Let a(o) = -3*o**2 - 29*o - 30. Let x(c) = 7*c**2 + 59*c + 60. Let w(j) = 5*a(j) + 2*x(j). Let z be w(-25). What is the greatest common divisor of 20 and z?
20
Suppose 0 = 13*l - 18*l. Suppose 2*n + 3*g = g + 26, l = -5*g + 15. What is the highest common divisor of 110 and n?
10
Let u = 414 + -383. Calculate the greatest common factor of u and 1643.
31
Let m(d) = d**2 - 42. Let l be m(-7). Let u = 149 - 93. Calculate the greatest common factor of l and u.
7
Suppose 0 =